(k) = 11*h(k) - 6*l(k). Let w be (3/2)/(6/(-8)). List the prime factors of a(w).
2, 3, 7
Let f(i) be the second derivative of -i**4/12 - 5*i**3/3 - 11*i**2/2 + 6*i. Let v be f(-8). List the prime factors of 160/v - (-1 + 1).
2
Suppose -7*y = -1730 + 99. What are the prime factors of y?
233
Suppose -6*x = 5*g - x - 5, 2*x = 5*g - 19. Suppose -978 = -3*k - g*k. What are the prime factors of k?
163
Suppose 2081 = 4*t + 225. List the prime factors of t.
2, 29
Suppose -5*j = -j + 4, -3*j - 36 = z. Let a be 4/((-12)/z)*1. Suppose -2*s + a - 1 = 0. List the prime factors of s.
5
Suppose -6*d + x + 83 = -2*d, -5*d = -5*x - 115. Suppose -4*h - l + 6 + 58 = 0, -5*l - d = 0. Let c = h + -1. What are the prime factors of c?
2
Let b = -854 + 1264. List the prime factors of b.
2, 5, 41
Suppose 14 = 4*q - 10. Suppose q*i - 5 = i. What are the prime factors of i/(-6) + (-55)/(-6)?
3
Let u(v) = v**2 - 7*v - 12. What are the prime factors of u(15)?
2, 3
What are the prime factors of (-2275)/(-5) - 80/(-16)?
2, 5, 23
Suppose -4*a - 2*a = -528. Suppose 0 = -6*b + 80 + a. List the prime factors of b.
2, 7
Suppose -7*f = -11*f + 360. Let t = f + -6. List the prime factors of t.
2, 3, 7
Suppose g - 30 = 66. Suppose -2*w + 138 + g = 0. List the prime factors of w.
3, 13
Let f = 5035 - 908. What are the prime factors of f?
4127
Suppose 225*i - 6344 = 221*i. What are the prime factors of i?
2, 13, 61
Let c = 3 + 3. Suppose -o - c = -4*o. Suppose -2*d - o*d = -92. What are the prime factors of d?
23
Suppose -20 = -5*a, -5*a + 603 = -5*u + 38. Let g = u + 167. What are the prime factors of g?
2, 29
Suppose -6*v + 2*v = 368. What are the prime factors of 4*2/((-32)/v)?
23
Let a = -3 + 1. Let c be 2*((-3)/(-6) - 3). What are the prime factors of 3 - (c + 0) - a?
2, 5
Suppose -5*o = -f + 4051, 95*f - 20125 = 90*f - o. What are the prime factors of f?
2, 3, 11, 61
Suppose 2346 = 2*w - 4*b, -15*w = -17*w - 2*b + 2322. What are the prime factors of w?
5, 233
Let x = 21 + -43. Let y = x - -68. What are the prime factors of y?
2, 23
Let t = 3405 + -636. What are the prime factors of t?
3, 13, 71
Suppose -5*x + 3*r = -1900, 328 = 5*x - 5*r - 1582. List the prime factors of x.
13, 29
Suppose -229 = -2*m - 2*o + 7*o, -2*o = -3*m + 371. Suppose -k = -a - 2*a + 119, -3*a - k = -m. What are the prime factors of a?
41
Suppose 0 = -4*c + 12 + 4. Suppose -248 = -0*f - c*f. Suppose -5*d = -4*h + 202, -f = -3*h + 2*d + 93. What are the prime factors of h?
53
Suppose 22 = -3*p - 8*p. What are the prime factors of (-8 - -10)*(-113)/p?
113
What are the prime factors of -388*(-3 + (-3 - (1 - 3)))?
2, 97
Let a(y) = y**3 + 4*y**2 + 3*y + 4. Let h be a(-3). Suppose 0*x + 25 = 3*v - 2*x, x + 25 = h*v. What are the prime factors of v?
5
Let u(g) = g**3 + 6*g**2 + 7*g + 2. Let f be u(-5). Let j be (0 - f) + (-9)/3. Suppose -j*p - 2 = -52. What are the prime factors of p?
2, 5
Let f = 1875 - 890. What are the prime factors of f?
5, 197
Suppose 4*i - 66 = i. Let r = i + 10. What are the prime factors of r?
2
Suppose 0 = -2*n + 4*z - 10, 5*n - 6*z + 3*z = -60. Let j = n + 9. What are the prime factors of ((-13)/(-3))/((-2)/j)?
13
Let f = -489 + 1054. List the prime factors of f.
5, 113
Let t = 1045 + -193. What are the prime factors of t?
2, 3, 71
Let a(h) = -h + 10. Let d be a(10). Suppose d = -0*l - 4*l + 488. What are the prime factors of l?
2, 61
Let t(g) = -23*g**3 - 2*g**2 - 9*g + 9. Let j(w) = 34*w**3 + 3*w**2 + 14*w - 14. Let m(v) = -5*j(v) - 8*t(v). List the prime factors of m(1).
3, 5
Suppose -18 = k + 5*k. List the prime factors of ((-2)/k + 1)/(3/108).
2, 3, 5
Suppose 2*v - 3*m = -9, v = -4*v + 5*m - 10. List the prime factors of (0 + 372/v)/2.
2, 31
Let v(m) = 2*m + 12. Let r be v(-6). Suppose -2*l + 3*s = 7*s - 154, -2*l + 4*s + 122 = r. List the prime factors of l.
3, 23
Let q = 22 + -26. Suppose 0 = 4*w + 6 - 2. List the prime factors of ((-38)/q)/(w/(-2)).
19
Let v be ((-14)/4)/(1/(-2)). What are the prime factors of (-108)/(-14) - (-2)/v?
2
Suppose 2*f + 15093 = 5*p, -4*f + 898 = -p + 3913. What are the prime factors of p?
3019
Let h(b) = -19*b**2 - 1. Let p be h(-1). Suppose -5*w - 2*w = -315. Let d = w + p. List the prime factors of d.
5
Let p(j) = -2*j + 10. Suppose 2*b = z + 10, 74 = -4*z - z + 4*b. Let q = 13 + z. List the prime factors of p(q).
2, 5
Let j(p) = 3*p**2 + p - 1. Let y be j(1). List the prime factors of (-606)/(-8) - y/4.
3, 5
Let v be 2 + -1 + (-3078)/(-3). Suppose -323 = -9*m + v. What are the prime factors of m?
2, 3, 5
Let g(r) = r**3 - 4*r**2 + r - 7. Let f be g(5). Let v = -19 + f. Suppose -b + 5*x = -21, -b - 6 = -v*b - 4*x. List the prime factors of b.
2, 3
List the prime factors of (-27)/72 - 7833/(-24).
2, 163
Let v(w) be the second derivative of -4*w**3 + w. Suppose 4*n = -o + 19, -24 = 4*o + n - 5*n. List the prime factors of v(o).
2, 3
What are the prime factors of -4 + -920*(0 + -2)?
2, 3, 17
Suppose -4*n = 3*v - 117, -2*n + 3*n + 5*v = 42. Let i = n + 20. What are the prime factors of i?
47
Suppose -18*r = -15*r - 48. Suppose r*t - 15*t - 21 = 0. What are the prime factors of t?
3, 7
Let c(d) = 2*d**2 + 62*d - 23. List the prime factors of c(-32).
41
Suppose -3*z + 2*b = -3033, -28*z = -23*z + 5*b - 5080. What are the prime factors of z?
1013
Let n(d) = d - 9. Let t be n(6). Let y be 1/(t + 4 + 0). Let p = 9 - y. What are the prime factors of p?
2
Let f be (37 + (4 - 7))*1. Suppose f = 6*z - 74. List the prime factors of z.
2, 3
List the prime factors of ((-3484)/(-12) + 1)/(8/12).
19, 23
Let q(d) = 85*d - 22. List the prime factors of q(7).
3, 191
Suppose -4*y = -6 - 6. Suppose 13*c + y*c = 3376. What are the prime factors of c?
211
Suppose -3*x + 1535 = 2*x. List the prime factors of x.
307
Let q(g) = 21*g - 143. List the prime factors of q(15).
2, 43
List the prime factors of (-1 + (-718)/6)*(-1098)/122.
2, 3, 181
Let o = 16 + -2. Let i = o - 10. Suppose -3*b = -4*c - 11, -b - 4*c + i = -5. List the prime factors of b.
5
Let d = 2 + -3. Let y be 2*(-2)/10*1325/(-106). Let a = y + d. List the prime factors of a.
2
Suppose -5*h + 4*f + 2848 = -17027, 3*f - 3975 = -h. What are the prime factors of h?
3, 5, 53
Suppose -4*y = -6*y. Suppose -5*v - u + 30 = -y*u, -24 = -4*v - 2*u. What are the prime factors of v?
2, 3
Suppose 2*g - 21 = -5*g. Let v be (-14)/(-3) + 4/(-6). Suppose -g*n - h = -133, v*n + 5*h = 146 + 13. What are the prime factors of n?
2, 23
Suppose 0*g = 2*g - 4. Suppose -g*j = -j + 7. What are the prime factors of 14/j*(-38)/4?
19
Suppose -2*a + 95 = 3*a. Let m = 0 + a. What are the prime factors of (-9)/6*-2 + m?
2, 11
Let w be (-3118)/(-13) + (-2)/(-13). Suppose 5*l - 30 = w. List the prime factors of l.
2, 3
Suppose 392 = j - 2*a, -2*a + 1900 = 5*j + 3*a. Let q = j + -232. What are the prime factors of q?
2, 19
Let v = 5774 + -414. What are the prime factors of v?
2, 5, 67
Let g = -1373 - -2130. What are the prime factors of g?
757
Let s = -10 + 12. Suppose -3*t = s*t - 70. Suppose t = h - 0*h. What are the prime factors of h?
2, 7
Let g(f) = -f**3 - f**2 - f + 472. List the prime factors of g(0).
2, 59
Let m = 17 - 14. What are the prime factors of (-8)/(0 + m/(-33))?
2, 11
Suppose -6*l - 70 = -5*l. Let a = l + 125. What are the prime factors of a?
5, 11
Suppose 49*b - 54*b + 8475 = 0. What are the prime factors of b?
3, 5, 113
Suppose 0*l = 2*l + 3*y - 1419, 3552 = 5*l + 3*y. What are the prime factors of l?
3, 79
Suppose -46*v = -44*v - 58. List the prime factors of v.
29
Let m(o) = o**3 + 17*o**2 + 10*o - 13. What are the prime factors of m(-6)?
17, 19
Let i(r) be the second derivative of -r**4/12 - r**3/6 - r**2/2 - r. Let t be i(-1). List the prime factors of 1/(t + 24/20).
5
Let u = -26 + 31. Suppose -2*w - 3*a = -u*w + 93, 0 = -4*w - 4*a + 100. What are the prime factors of w?
2, 7
Let p(a) = 5*a**2 - 5*a - 20. Let v(g) = g**2 - 5*g + 6. Let l be v(0). What are the prime factors of p(l)?
2, 5, 13
Let r = -25 - 40. Let x = r - -112. What are the prime factors of x?
47
Suppose 8*o - 33 = -3*o. Suppose -o*y - 691 = -5*l, -2*y + 101 = -3*l + 516. What are the prime factors of l?
137
Let j(q) = -5*q - 6. Suppose a - 5 = 14. Suppose 0 = 23*v - a*v + 52. List the prime factors of j(v).
59
Let m = -33 - -10. Suppose 2*n = 5*k + 90